rime?
True
Is 62461496827 a composite number?
False
Is 48557970233 prime?
True
Is 5195625443 a composite number?
False
Is 28343082763 composite?
True
Is 1189557923 composite?
False
Is 4662652793 composite?
True
Is 15438002578 a prime number?
False
Is 7540649939 a prime number?
True
Is 9431175313 a composite number?
True
Is 1340078689 a composite number?
False
Is 1272444223 prime?
False
Is 53215567 prime?
True
Is 646765199 a composite number?
True
Is 3031588993 a composite number?
False
Is 507922297 a composite number?
False
Is 46462387 prime?
True
Is 10155941099 a composite number?
False
Is 6598728751 prime?
False
Is 574756391 a prime number?
False
Is 31312279 prime?
False
Is 24423392387 a composite number?
True
Is 39242990191 a prime number?
True
Is 85780209857 a prime number?
True
Is 1588613567 a prime number?
True
Is 20003796451 a composite number?
False
Is 80515792151 composite?
False
Is 6832957589 prime?
False
Is 957191167 a prime number?
False
Is 328498367 a composite number?
False
Is 5787737261 prime?
False
Is 2602093847 a prime number?
True
Is 2703503171 a prime number?
False
Is 8893092223 a composite number?
False
Is 19260783413 a composite number?
False
Is 113920334249 a composite number?
False
Is 427239811 a composite number?
True
Is 24776131495 prime?
False
Is 7722361091 composite?
True
Is 13946025377 a prime number?
False
Is 41108288027 composite?
False
Is 697837603 composite?
True
Is 29064259519 a composite number?
False
Is 888117941 composite?
False
Is 586159759 composite?
False
Is 2507439811 composite?
True
Is 54941126971 composite?
True
Is 40596973 composite?
True
Is 61351941659 a composite number?
True
Is 68433727 composite?
True
Is 8197145933 prime?
True
Is 2151738763 a composite number?
False
Is 313227667 composite?
False
Is 6103525121 a prime number?
True
Is 25827054287 prime?
True
Is 1359273479 a prime number?
True
Is 2578268449 composite?
False
Is 5600897506 a prime number?
False
Is 9306300953 a prime number?
True
Is 2187943343 a composite number?
True
Is 58604417341 a prime number?
False
Is 40273855331 a prime number?
False
Is 19297063543 prime?
True
Is 46070116115 a prime number?
False
Is 3229836053 a composite number?
True
Is 17173255667 a composite number?
False
Is 14089986763 prime?
True
Is 4968986917 composite?
False
Is 3165536537 composite?
False
Is 29557145489 a prime number?
False
Is 1475140717 a composite number?
False
Is 433773647 composite?
True
Is 100177939 prime?
True
Is 4437893579 a prime number?
False
Is 5675667319 composite?
True
Is 711272377 prime?
True
Is 80064527 a composite number?
False
Is 19386796397 composite?
True
Is 2563902899 prime?
True
Is 189298423585 a prime number?
False
Is 1009717127 composite?
True
Is 16118675506 a prime number?
False
Is 10765534447 prime?
True
Is 11223331511 a prime number?
False
Is 20702045629 a composite number?
False
Is 312075827 a prime number?
False
Is 8803778761 a prime number?
False
Is 782653337 a composite number?
True
Is 3770344763 a prime number?
False
Is 31945648223 a prime number?
True
Is 235555193 a composite number?
False
Is 2663585303 prime?
False
Is 14286276283 prime?
False
Is 1956197623 a prime number?
True
Is 757724063 composite?
True
Is 244544567 a composite number?
False
Is 638754113 a prime number?
True
Is 118299258559 prime?
False
Is 359405885 composite?
True
Is 107562258851 composite?
False
Is 835381805 composite?
True
Is 5989510949 a prime number?
True
Is 29034377 prime?
False
Is 318857789 composite?
True
Is 17262776945 composite?
True
Is 84220309 a prime number?
True
Is 2633797871 composite?
False
Is 888693703 a composite number?
False
Is 223017437 a prime number?
True
Is 1061431323 a prime number?
False
Is 28646717366 a prime number?
False
Is 24310577443 a composite number?
False
Is 22012766021 composite?
False
Is 54667055987 a composite number?
True
Is 417745459 prime?
False
Is 3225453443 a composite number?
True
Is 1851332731 a composite number?
True
Is 46516125209 a prime number?
True
Is 314712944357 a prime number?
False
Is 47850809 a prime number?
False
Is 4201873723 a prime number?
False
Is 123030449 prime?
True
Is 476262251 a composite number?
True
Is 13792231709 prime?
False
Is 30246620903 prime?
True
Is 31259948923 a prime number?
False
Is 2454673597 a prime number?
False
Is 10737598679 prime?
True
Is 1272459626 a prime number?
False
Is 6894488231 a prime number?
False
Is 3653469539 composite?
False
Is 221446297 composite?
False
Is 8926240463 a composite number?
True
Is 17954566673 prime?
False
Is 2772038743 composite?
True
Is 9877562489 a composite number?
False
Is 23905499 a composite number?
False
Is 173916916753 a prime number?
False
Is 156750269 a prime number?
False
Is 20537912303 composite?
False
Is 619735463 composite?
False
Is 1768574189 a prime number?
True
Is 12647295629 prime?
True
Is 3089463691 a prime number?
True
Is 9090627173 composite?
False
Is 16439058499 a composite number?
True
Is 458330813 a prime number?
True
Is 252529139 a prime number?
True
Is 159440321 a prime number?
True
Is 71638733 a composite number?
False
Is 5872716739 prime?
True
Is 151038191 a prime number?
True
Is 23878334941 prime?
True
Is 44982387559 a composite number?
False
Is 1796672543 composite?
True
Is 5605165913 composite?
True
Is 742060841 prime?
False
Is 1771520339 composite?
False
Is 13061453 a composite number?
True
Is 662375489 composite?
True
Is 19487992679 a composite number?
False
Is 399016999 prime?
False
Is 4600433989 a composite number?
True
Is 102499045067 prime?
False
Is 322311943 composite?
False
Is 69050698183 composite?
True
Is 53505933787 composite?
True
Is 1071173171 a composite number?
False
Is 8354484559 composite?
True
Is 10201407109 a prime number?
True
Is 11837205407 a prime number?
False
Is 1485338033 a composite number?
True
Is 1407129791 prime?
False
Is 200056811 a prime number?
False
Is 896188999 a prime number?
False
Is 1741253011 composite?
False
Is 12609645449 a composite number?
True
Is 457193593 prime?
False
Is 129801409 a prime number?
False
Is 14397862097 prime?
True
Is 2598838111 composite?
True
Is 40169647 composite?
True
Is 1838735009 a prime number?
True
Is 5758904729 composite?
True
Is 1963890451 composite?
True
Is 2531743087 a composite number?
False
Is 1169867117 a prime number?
False
Is 77917267 composite?
False
Is 6954734887 prime?
False
Is 57267277555 a prime number?
False
Is 1761873643 a prime number?
True
Is 3930423533 a composite number?
False
Is 12407218297 composite?
True
Is 28517616197 a prime number?
False
Is 767240797 a prime number?
True
Is 3745558547 prime?
True
Is 139179043709 composite?
True
Is 88307689 a prime number?
False
Is 75059569511 prime?
True
Is 502853551 prime?
True
Is 610326169 composite?
False
Is 5548656713 prime?
True
Is 23764682371 a composite number?
False
Is 5374081469 a prime number?
True
Is 948035173 a composite number?
True
Is 108789267661 a prime number?
True
Is 35213441 a prime number?
False
Is 4641273487 a composite number?
False
Is 245787329 a prime number?
True
Is 59215122983 a composite number?
True
Is 45158414663 composite?
True
Is 7626418967 a composite number?
True
Is 30943452847 composite?
True
Is 685699387 prime?
False
Is 4678580909 composite?
False
Is 3680051891 a prime number?
False
Is 784178053 composite?
False
Is 2710135541 prime?
True
Is 15614205221 prime?
True
Is 42819411251 prime?
False
Is 20931360487 a prime number?
False
Is 30440687 composite?
True
Is 2349256703 a composite number?
False
Is 2316283511 prime?
True
Is 2044343519 a composite number?
True
Is 21341301253 prime?
False
Is 13174886587 prime?
False
Is 36156287 a composite number?
True
Is 561919439 prime?
True
Is 975683171 composite?
False
Is 11506081079 a prime number?
True
Is 2149873001 composite?
False
Is 2601140705 a composite number?
True
Is 644694821 a prime number?
True
Is 861793441 a composite number?
True
Is 17961296089 a prime number?
False
Is 9539276729 prime?
False
Is 70407287807 a composite number?
False
Is 23210241829 prime?
False
Is 1422172393 a composite number?
False
Is 242762327 prime?
True
Is 50832156031 composite?
True
Is 8512607057 a composite number?
True
Is 11416812157 a prime number?
True
Is 22919646741 prime?
False
Is 42006963497 a prime number?
False
Is 3232695199 